NOAA-Style Climate Reports
Select a Year or Month report
2024: Jan Feb Mar Apr May Jun Jul Aug Sep Oct Nov Dec
2023: Jan Feb Mar Apr May Jun Jul Aug Sep Oct Nov Dec
2022: Jan Feb Mar Apr May Jun Jul Aug Sep Oct Nov Dec
2021: Jan Feb Mar Apr May Jun Jul Aug Sep Oct Nov Dec
2020: Jan Feb Mar Apr May Jun Jul Aug Sep Oct Nov Dec
2019: Jan Feb Mar Apr May Jun Jul Aug Sep Oct Nov Dec
2018: Jan Feb Mar Apr May Jun Jul Aug Sep Oct Nov Dec
2017: Jan Feb Mar Apr May Jun Jul Aug Sep Oct Nov Dec
2024: Jan Feb Mar Apr May Jun Jul Aug Sep Oct Nov Dec
2023: Jan Feb Mar Apr May Jun Jul Aug Sep Oct Nov Dec
2022: Jan Feb Mar Apr May Jun Jul Aug Sep Oct Nov Dec
2021: Jan Feb Mar Apr May Jun Jul Aug Sep Oct Nov Dec
2020: Jan Feb Mar Apr May Jun Jul Aug Sep Oct Nov Dec
2019: Jan Feb Mar Apr May Jun Jul Aug Sep Oct Nov Dec
2018: Jan Feb Mar Apr May Jun Jul Aug Sep Oct Nov Dec
2017: Jan Feb Mar Apr May Jun Jul Aug Sep Oct Nov Dec
Report for 2024 April
MONTHLY CLIMATOLOGICAL SUMMARY for APR. 2024 NAME: Agia1 CITY: STATE: ELEV: 190 m LAT: LONG: TEMPERATURE (°C), RAIN (mm), WIND SPEED (km/hr) HEAT COOL AVG MEAN DEG DEG WIND DOM DAY TEMP HIGH TIME LOW TIME DAYS DAYS RAIN SPEED HIGH TIME DIR ------------------------------------------------------------------------------------ 1 18.0 26.7 14:00 11.8 6:45 2.4 2.0 0.0 1.8 17.7 13:30 N 2 20.1 27.7 16:00 12.8 7:15 1.2 2.9 0.0 3.9 27.4 17:30 SW 3 15.8 22.2 14:30 10.4 6:30 3.1 0.6 0.0 3.5 19.3 18:00 NNW 4 15.6 22.8 17:00 8.1 7:15 3.8 1.1 0.0 3.1 22.5 16:15 NNW 5 17.6 25.1 15:00 10.3 7:15 2.6 1.8 0.0 2.6 16.1 16:30 N 6 18.4 25.4 19:00 10.8 7:30 2.1 2.2 0.0 2.1 16.1 16:30 N 7 16.7 21.4 12:15 13.2 23:45 2.2 0.5 1.0 4.7 30.6 15:30 SW 8 16.0 21.3 19:30 11.2 3:45 2.8 0.5 0.0 5.3 29.0 13:45 NNW 9 16.6 22.7 15:30 8.9 7:30 2.9 1.2 0.0 3.7 17.7 14:30 N 10 17.4 23.4 13:45 10.2 7:00 2.3 1.4 0.0 4.3 25.7 17:45 N 11 18.2 23.1 14:45 12.4 6:45 1.4 1.4 0.0 4.7 24.1 14:15 N 12 18.4 25.3 16:15 11.4 7:30 2.2 2.2 0.0 3.9 27.4 12:15 N 13 20.2 26.6 19:15 13.3 7:00 1.1 3.0 0.0 2.9 24.1 14:15 ENE 14 20.8 26.1 12:00 15.1 7:15 0.6 3.1 0.0 3.7 19.3 5:45 NNW 15 21.7 29.2 15:45 13.9 7:15 0.9 4.3 0.0 3.9 20.9 12:45 SW 16 22.8 28.4 12:30 18.4 7:15 0.0 4.4 0.0 3.7 17.7 16:30 W 17 21.4 24.7 15:30 16.6 00:00 0.1 3.1 0.0 7.4 33.8 1:15 SW 18 15.6 21.4 14:15 11.7 7:00 2.9 0.2 0.0 4.0 29.0 13:00 N 19 12.7 17.6 12:45 9.4 6:45 5.6 0.0 32.4 6.1 33.8 23:15 N 20 13.8 20.1 17:45 9.9 5:00 4.6 0.1 33.0 8.4 56.3 4:00 SW 21 13.6 19.4 13:30 6.8 6:45 4.8 0.0 0.0 5.3 37.0 17:15 NNW 22 12.0 14.7 17:00 8.1 5:00 6.3 0.0 0.8 3.4 20.9 11:00 ENE 23 14.0 16.1 18:15 11.7 0:30 4.3 0.0 6.2 5.3 29.0 11:30 NNE 24 15.4 23.6 16:30 12.3 5:45 2.6 0.6 0.2 4.8 27.4 14:45 SW 25 26 27 28 29 30 ------------------------------------------------------------------------------------- 17.2 29.2 15 6.8 21 62.8 36.4 73.6 4.3 56.3 20 N Max >= 32.0: 0 Max <= 0.0: 0 Min <= 0.0: 0 Min <= -18.0: 0 Max Rain: 32.99 ON 20/04/24 Days of Rain: 6 (> .2 mm) 3 (> 2 mm) 2 (> 20 mm) Heat Base: 18.3 Cool Base: 18.3 Method: Integration