NOAA-Style Climate Reports

Select a Year or Month report
2024: Ιαν Φεβ Μάρ Απρ Μάϊ Ιού Ιού Αύγ Σεπ Οκτ Νοέ Δεκ
2023: Ιαν Φεβ Μάρ Απρ Μάϊ Ιού Ιού Αύγ Σεπ Οκτ Νοέ Δεκ
2022: Ιαν Φεβ Μάρ Απρ Μάϊ Ιού Ιού Αύγ Σεπ Οκτ Νοέ Δεκ
2021: Ιαν Φεβ Μάρ Απρ Μάϊ Ιού Ιού Αύγ Σεπ Οκτ Νοέ Δεκ

Report for 2024 Μάϊος
                   MONTHLY CLIMATOLOGICAL SUMMARY for MAY. 2024

NAME: Makrychori   CITY:    STATE:  
ELEV:   108 m  LAT:   LONG: 

                   TEMPERATURE (°C), RAIN  (mm), WIND SPEED (km/hr)

                                      HEAT  COOL        AVG
    MEAN                              DEG   DEG         WIND                 DOM
DAY TEMP  HIGH   TIME   LOW    TIME   DAYS  DAYS  RAIN  SPEED HIGH   TIME    DIR
------------------------------------------------------------------------------------
 1  19.1  23.7   6:00p  14.6   7:00a   1.0   1.7   0.0   1.3  16.1   5:00p   SSW
 2  19.0  26.2   4:30p  11.9   6:00a   1.8   2.5   0.0   1.9  17.7   1:30p   SSW
 3  18.6  24.0  12:30p  11.4   7:00a   1.7   1.9   0.0   5.1  45.1   1:30p   WNW
 4  16.3  21.8   4:30p  12.3   7:00a   2.5   0.5   0.0   2.9  25.7   7:30p    NE
 5  17.8  26.3   5:00p   9.2   7:00a   2.8   2.3   0.2   2.6  29.0  12:00p   ENE
 6  18.3  27.7   3:30p   9.1   6:30a   2.6   2.6   0.0   2.3  27.4   6:30p    SW
 7  20.3  30.5   4:00p  10.9   7:00a   1.8   3.8   0.0   2.4  16.1   2:30p   SSW
 8  20.4  28.1   1:30p  12.3   6:30a   1.4   3.5   0.0   3.7  25.7   8:00p   NNW
 9  19.4  24.2   1:00p  15.2   3:00a   0.5   1.6   0.2   6.3  30.6   5:30p     N
10  15.2  18.1  12:30a  13.9  10:30p   3.1   0.0   0.0   3.9  24.1  12:30p     N
11  17.0  20.9   6:00p  14.1  12:00m   1.6   0.3   0.0   1.4  16.1   1:30a     N
12  17.9  25.4   5:00p  11.1   3:30a   2.5   2.1   0.0   1.4  14.5   2:30p    SW
13  19.0  24.6  12:30p  13.2   5:00a   1.2   1.9   0.0   4.3  30.6  11:00a     N
14  17.3  23.5   4:00p  14.3   6:00a   1.7   0.7   0.0   2.4  24.1   4:00p    NW
15  17.6  22.9  11:30a  13.3   7:00a   1.5   0.8   0.0   3.9  29.0   3:30p     N
16  15.7  17.5   3:30p  14.2   7:30a   2.6   0.0   0.0   3.2  29.0   6:30p     N
17  16.8  22.3   7:00p  13.0   6:00a   2.1   0.6   0.0   1.1  17.7   4:00p   NNW
18  19.4  27.6   1:30p  12.1   5:00a   1.7   2.9   0.2   1.9  24.1   2:30p     N
19  22.3  27.7   2:00p  17.7   5:30a   0.0   4.0   0.0   5.0  32.2   3:30p     N
20  22.8  29.3   2:30p  17.2   6:30a   0.1   4.6   0.0   3.1  32.2   3:30p     N
21  22.3  28.1  12:00p  16.1   6:30a   0.2   4.3   0.0   3.9  32.2   2:00p     N
22  23.5  32.9   4:30p  13.7   6:30a   0.8   6.0   0.0   2.4  19.3   5:30p   SSW
23  24.5  31.3   4:00p  16.8   6:00a   0.0   6.2   0.0   3.1  32.2   5:00p   SSW
24  24.2  30.6   4:00p  16.1   7:00a   0.1   6.0   0.0   3.4  32.2   3:30p   SSW
25  22.7  29.2   2:00p  15.3   6:00a   0.4   4.5   0.0   3.5  27.4   4:30p    NE
26
27
28
29
30
31
-------------------------------------------------------------------------------------
    19.5  32.9    22     9.1     6    35.7  65.5   0.6   3.1  45.1     3       N

Max >=  32.0:  1
Max <=   0.0:  0
Min <=   0.0:  0
Min <= -18.0:  0
Max Rain: 0.20 ON 05/05/24
Days of Rain: 3 (> .2 mm) 0 (> 2 mm) 0 (> 20 mm)
Heat Base:  18.3  Cool Base:  18.3  Method: Integration