NOAA-Style Climate Reports

Select a Year or Month report
2024: Ιαν Φεβ Μάρ Απρ Μάϊ Ιού Ιού Αύγ Σεπ Οκτ Νοέ Δεκ
2023: Ιαν Φεβ Μάρ Απρ Μάϊ Ιού Ιού Αύγ Σεπ Οκτ Νοέ Δεκ
2022: Ιαν Φεβ Μάρ Απρ Μάϊ Ιού Ιού Αύγ Σεπ Οκτ Νοέ Δεκ
2021: Ιαν Φεβ Μάρ Απρ Μάϊ Ιού Ιού Αύγ Σεπ Οκτ Νοέ Δεκ

Report for 2024 Ιούνιος
                   MONTHLY CLIMATOLOGICAL SUMMARY for JUN. 2024

NAME: Makrychori   CITY:    STATE:  
ELEV:   108 m  LAT:   LONG: 

                   TEMPERATURE (°C), RAIN  (mm), WIND SPEED (km/hr)

                                      HEAT  COOL        AVG
    MEAN                              DEG   DEG         WIND                 DOM
DAY TEMP  HIGH   TIME   LOW    TIME   DAYS  DAYS  RAIN  SPEED HIGH   TIME    DIR
------------------------------------------------------------------------------------
 1  24.8  33.0   2:30p  15.3   6:00a   0.4   6.9   0.0   2.9  29.0   4:30p   NNE
 2  26.9  36.2   3:00p  17.5   6:30a   0.0   8.7   0.0   2.7  22.5   5:30p    NW
 3  27.0  35.3   2:30p  19.3   6:00a   0.0   8.7   0.0   2.6  24.1   4:00p    NW
 4  28.1  36.9   3:30p  18.0   6:30a   0.0   9.8   0.0   3.4  41.8   3:30p   SSW
 5  27.6  38.3   3:30p  16.8   6:30a   0.1   9.3   0.4   2.9  33.8   7:00p   SSW
 6  27.1  33.7   3:30p  18.7   5:00a   0.0   8.8   0.2   4.7  33.8   4:00p    NE
 7  28.0  34.5   2:30p  20.9   5:30a   0.0   9.7   0.0   4.0  35.4   4:00p     N
 8  27.5  35.8   1:00p  19.1   6:00a   0.0   9.2   0.0   2.4  32.2   3:30p   NNE
 9  27.9  35.9   3:00p  19.1   6:00a   0.0   9.6   0.0   3.1  22.5   6:00p   SSW
10  29.2  37.8   5:30p  20.4   7:00a   0.0  10.9   0.2   2.1  20.9   9:00p   SSW
11  29.8  39.4   7:00p  19.7   6:00a   0.0  11.6   0.0   4.0  24.1   3:00p   SSW
12  31.0  39.5   4:00p  19.2   7:00a   0.0  12.7   0.0   2.9  19.3   5:00p   SSW
13  30.7  39.7   1:30p  22.8   6:00a   0.0  12.4   0.0   3.2  32.2   8:00p    NW
14  28.8  35.1   1:30p  21.4   6:00a   0.0  10.5   0.2   5.5  46.7  10:00p    NE
15  27.3  32.0   5:00p  22.2  12:00m   0.0   9.0   0.2   5.8  32.2   9:00a    NW
16  23.0  31.6  11:30a  17.9   5:30a   0.0   2.2   0.0   0.8  12.9   9:30a   ESE
17
18
19
20
21
22
23
24
25
26
27
28
29
30
-------------------------------------------------------------------------------------
    27.8  39.7    13    15.3     1     0.5 149.9   1.2   3.3  46.7    14     SSW

Max >=  32.0: 15
Max <=   0.0:  0
Min <=   0.0:  0
Min <= -18.0:  0
Max Rain: 0.41 ON 05/06/24
Days of Rain: 5 (> .2 mm) 0 (> 2 mm) 0 (> 20 mm)
Heat Base:  18.3  Cool Base:  18.3  Method: Integration