NOAA-Style Climate Reports

Select a Year or Month report
2023: Ιαν Φεβ Μάρ Απρ Μάϊ Ιού Ιού Αύγ Σεπ Οκτ Νοέ Δεκ
2022: Ιαν Φεβ Μάρ Απρ Μάϊ Ιού Ιού Αύγ Σεπ Οκτ Νοέ Δεκ
2021: Ιαν Φεβ Μάρ Απρ Μάϊ Ιού Ιού Αύγ Σεπ Οκτ Νοέ Δεκ

Report for 2023 Ιανουάριος
                   MONTHLY CLIMATOLOGICAL SUMMARY for JAN. 2023

NAME: Makrychori   CITY:    STATE:  
ELEV:   108 m  LAT:   LONG: 

                   TEMPERATURE (°C), RAIN  (mm), WIND SPEED (km/hr)

                                      HEAT  COOL        AVG
    MEAN                              DEG   DEG         WIND                 DOM
DAY TEMP  HIGH   TIME   LOW    TIME   DAYS  DAYS  RAIN  SPEED HIGH   TIME    DIR
------------------------------------------------------------------------------------
 1   4.2   6.7   14:30   2.3    8:30  14.1   0.0   0.4   0.0   4.8   20:00   ESE
 2   3.3   9.6   16:30   0.4    8:30  15.1   0.0   0.4   1.1  11.3   14:30    SE
 3   3.1  11.2   16:00  -0.5    8:30  15.3   0.0   0.4   0.6  11.3   22:00   SSW
 4   4.7  13.6   15:00   0.2    8:00  13.7   0.0   0.4   1.3  14.5   15:30   SSW
 5   7.1  14.8   16:00   2.1    3:00  11.2   0.0   0.2   1.3  12.9   13:00   SSW
 6   7.0  15.3   15:30   1.0    6:00  11.3   0.0   0.2   0.5  12.9   20:30   WSW
 7   8.2  17.1   16:00   3.1    8:30  10.2   0.0   0.0   1.3  11.3    6:00   SSW
 8   5.5  15.5   16:30  -0.9    7:30  12.8   0.0   0.2   0.3   9.7   13:00    SW
 9   7.6  15.3   16:00   0.8    4:00  10.7   0.0   0.0   1.8  12.9    9:00   SSW
10  10.7  13.6    3:30   6.9   00:00   7.6   0.0  22.0   2.3  27.4    3:30   WSW
11  10.1  13.3   15:00   6.9    0:30   8.3   0.0   0.2   4.3  29.0   14:00    NW
12   8.0  12.6   15:30   3.1    8:00  10.3   0.0   0.0   2.3  19.3   21:00    NW
13   5.7  13.8   17:00  -0.2    8:00  12.6   0.0   0.0   0.8  11.3   12:00   WSW
14   5.7  11.6   16:30  -1.0    8:00  12.6   0.0   0.0   0.8  17.7   22:00   SSW
15   8.0  14.0   16:00   2.0   00:00  10.3   0.0   0.0   1.8  16.1    0:30    NW
16   5.6  12.9   15:30  -0.2    6:00  12.7   0.0   0.2   1.1  11.3   11:30   SSW
17  12.3  17.5   15:30   7.4    0:30   6.0   0.0   0.0   3.1  19.3   00:00   SSW
18  16.9  20.9   14:30  14.0    3:30   1.8   0.3   0.0   6.6  30.6   14:00   SSW
19  16.6  21.5   15:30  10.2    5:30   2.3   0.5   3.4  11.7  53.1   00:00    SE
20  10.6  14.1   13:00   4.1   00:00   7.7   0.0  13.0   5.0  35.4    0:30   SSW
21   9.7  14.3   16:30   3.8    1:30   8.6   0.0   1.2   1.6  29.0    6:30     N
22  10.6  17.5   16:00   3.5    8:30   7.8   0.0   0.0   2.6  25.7   20:00    NW
23  13.4  17.1   10:30  10.6    9:00   4.9   0.0   1.8   1.9  22.5   11:30    NW
24  10.7  13.0   12:00   9.3   23:00   7.6   0.0   5.6   6.4  37.0   15:00     N
25   8.6  10.2    1:00   7.1   00:00   9.8   0.0   3.0   4.8  29.0    3:30   NNW
26   6.2   7.7    9:30   4.9   18:30  12.1   0.0   8.4   6.3  35.4   12:30    NW
27   5.9  10.0   16:30   2.9   00:00  12.4   0.0   0.0   0.8  14.5   18:00   WSW
28   3.2   3.3    1:30   3.1    0:30   0.9   0.0   0.0   0.0   1.6    0:30   NNE
29
30
31
-------------------------------------------------------------------------------------
     8.2  21.5    19    -1.0    14   270.8   0.8  61.0   2.6  53.1    19     SSW

Max >=  32.0:  0
Max <=   0.0:  0
Min <=   0.0:  5
Min <= -18.0:  0
Max Rain: 22.00 ON 10/01/23
Days of Rain: 17 (> .2 mm) 6 (> 2 mm) 1 (> 20 mm)
Heat Base:  18.3  Cool Base:  18.3  Method: Integration