NOAA-Style Climate Reports

Select a Year or Month report
2024: Ιαν Φεβ Μάρ Απρ Μάϊ Ιού Ιού Αύγ Σεπ Οκτ Νοέ Δεκ
2023: Ιαν Φεβ Μάρ Απρ Μάϊ Ιού Ιού Αύγ Σεπ Οκτ Νοέ Δεκ
2022: Ιαν Φεβ Μάρ Απρ Μάϊ Ιού Ιού Αύγ Σεπ Οκτ Νοέ Δεκ
2021: Ιαν Φεβ Μάρ Απρ Μάϊ Ιού Ιού Αύγ Σεπ Οκτ Νοέ Δεκ

Report for 2024 Απρίλιος
                   MONTHLY CLIMATOLOGICAL SUMMARY for APR. 2024

NAME: Makrychori   CITY:    STATE:  
ELEV:   108 m  LAT:   LONG: 

                   TEMPERATURE (°C), RAIN  (mm), WIND SPEED (km/hr)

                                      HEAT  COOL        AVG
    MEAN                              DEG   DEG         WIND                 DOM
DAY TEMP  HIGH   TIME   LOW    TIME   DAYS  DAYS  RAIN  SPEED HIGH   TIME    DIR
------------------------------------------------------------------------------------
 1  18.6  30.7   3:00p   9.3   7:00a   3.1   3.3   0.0   0.8  12.9   4:30p   SSW
 2  20.7  29.4   4:30p  11.5   5:00a   1.9   4.3   0.0   4.0  33.8   7:00p   SSW
 3  17.4  25.6   5:00p   7.8   8:00a   2.6   1.7   0.0   3.2  48.3   1:30a   SSW
 4  16.0  26.6   5:00p   5.6   7:30a   4.3   2.1   0.0   1.3  20.9   2:30p     N
 5  17.3  28.5   5:00p   6.3   7:00a   3.7   2.7   0.0   1.4  17.7   5:30p   SSW
 6  18.7  29.9   4:00p   7.7   7:00a   2.8   3.2   0.0   1.3  17.7   5:00p   WSW
 7  17.6  26.8   2:30p   9.5   7:30a   2.7   2.0   0.0   3.9  40.2   3:00p    NE
 8  16.8  25.1   4:00p   9.1   7:30a   3.3   1.8   0.0   2.3  25.7   5:30p    NE
 9  16.7  27.2   5:00p   6.0   7:30a   3.9   2.4   0.0   1.4  14.5   2:00p    SE
10  17.8  28.7   3:00p   7.8   7:00a   3.1   2.6   0.0   1.8  22.5   5:30p   SSW
11  18.1  28.1   4:00p   8.4   7:00a   3.0   2.8   0.0   2.7  27.4   5:30p   SSW
12  19.3  29.1   6:00p   8.7   7:30a   2.7   3.7   0.0   2.1  32.2   3:30p    NE
13  21.3  31.0   6:00p  12.1   7:00a   1.4   4.4   0.0   1.6  20.9   2:30p   SSW
14  22.5  30.0   4:00p  15.1   3:30a   0.6   4.8   0.0   2.4  25.7   9:30a    SW
15  22.1  31.6   5:00p  11.4   7:00a   1.4   5.2   0.0   2.3  20.9   3:00p   SSW
16  22.5  30.4   4:30p  14.3   7:00a   0.7   4.9   0.0   2.1  14.5   6:30p   SSW
17  22.3  27.6   5:30p  17.3   6:30a   0.0   4.0   0.0   6.4  32.2   4:30p   SSW
18  17.8  22.6   2:00p  12.3   7:00a   1.3   0.8   0.0   4.8  30.6   1:00a     N
19  13.8  19.8   2:30p   9.1   5:30a   4.6   0.1   0.0   4.0  35.4   3:00p   NNE
20  15.4  20.8   3:30p  10.2   6:00a   3.3   0.4   0.2   5.0  38.6   4:00a   SSW
21  13.6  20.8   4:30p   5.8   7:00a   5.0   0.3   0.0   3.4  40.2   5:00p   SSW
22  12.2  17.2  12:00p   6.0   5:30a   6.1   0.0   0.0   3.2  25.7   7:30p   NNW
23  14.1  16.5   6:00p  11.6   5:30a   4.2   0.0   0.4   6.6  33.8  10:00a     N
24  17.5  24.9   5:30p  11.4   5:30a   2.6   1.8   0.0   3.7  25.7   2:30p   SSW
25
26
27
28
29
30
-------------------------------------------------------------------------------------
    17.9  31.6    15     5.6     4    68.5  59.4   0.6   3.0  48.3     3     SSW

Max >=  32.0:  0
Max <=   0.0:  0
Min <=   0.0:  0
Min <= -18.0:  0
Max Rain: 0.41 ON 23/04/24
Days of Rain: 2 (> .2 mm) 0 (> 2 mm) 0 (> 20 mm)
Heat Base:  18.3  Cool Base:  18.3  Method: Integration