NOAA-Style Climate Reports

Select a Year or Month report
2023: Ιαν Φεβ Μάρ Απρ Μάϊ Ιού Ιού Αύγ Σεπ Οκτ Νοέ Δεκ
2022: Ιαν Φεβ Μάρ Απρ Μάϊ Ιού Ιού Αύγ Σεπ Οκτ Νοέ Δεκ
2021: Ιαν Φεβ Μάρ Απρ Μάϊ Ιού Ιού Αύγ Σεπ Οκτ Νοέ Δεκ

Report for 2023 Ιανουάριος
                   MONTHLY CLIMATOLOGICAL SUMMARY for JAN. 2023

NAME: Kofoi   CITY:    STATE:  
ELEV:   500 m  LAT:  39° 03' 40" N  LONG:  22° 25' 54" E

                   TEMPERATURE (°C), RAIN  (mm), WIND SPEED (km/hr)

                                      HEAT  COOL        AVG
    MEAN                              DEG   DEG         WIND                 DOM
DAY TEMP  HIGH   TIME   LOW    TIME   DAYS  DAYS  RAIN  SPEED HIGH   TIME    DIR
------------------------------------------------------------------------------------
 1  10.4  15.1   11:00   8.3   00:00   7.9   0.0   0.0   1.0   8.0   18:30    NW
 2  10.2  13.9   11:30   8.1    5:30   8.1   0.0   0.0   1.1   6.4    1:30    NW
 3  10.5  14.4    9:30   8.2    6:00   7.8   0.0   0.0   1.0   6.4   15:00    NW
 4  10.4  15.4    9:30   7.7    7:00   7.9   0.0   0.0   1.1  11.3   14:00    NW
 5   8.8  12.1   13:30   6.3    3:00   9.6   0.0   0.0   1.1  11.3    3:30    NW
 6  10.3  15.0   10:00   7.8   00:00   8.0   0.0   0.0   1.8  19.3   14:00    NW
 7   8.8  12.2   15:00   6.2    8:00   9.5   0.0   0.0   2.6  12.9   12:30   NNW
 8   8.1  11.9   14:00   5.8   23:30  10.3   0.0   0.0   1.6   8.0   13:00    NW
 9   8.7  12.2   14:00   4.7    8:00   9.6   0.0   0.0   1.4  12.9   22:00    NW
10   9.2  12.4   12:00   6.2   23:30   9.2   0.0  10.0   4.0  37.0    7:00    NW
11   7.1   9.5   13:30   4.9   00:00  11.3   0.0   0.0   2.4  16.1   10:00     E
12   6.4   9.3   13:00   3.7   00:00  11.9   0.0   0.0   2.4  17.7   13:30    NE
13   5.9   9.5   13:30   3.3    4:00  12.4   0.0   0.0   2.7  17.7   12:30    NE
14   6.2  10.2   11:30   4.1    5:00  12.2   0.0   0.0   1.3   9.7   23:30    NW
15   5.9   8.7   13:00   3.9    7:30  12.4   0.0   0.0   1.9  17.7    8:00    NW
16   7.6  11.3   22:30   3.3    7:00  10.8   0.0   0.0   1.9  14.5   21:00    NW
17  12.0  15.5   12:00   8.4    5:00   6.3   0.0   0.0   3.1  33.8   10:00   WNW
18  13.7  18.4   13:00  10.4    7:00   4.6   0.0   0.0   2.3  27.4   13:30    NW
19  13.8  18.3   13:00  10.4    6:00   4.5   0.0   0.0   4.2  35.4   22:30   WNW
20   9.1  13.1    0:30   5.4   00:00   9.3   0.0  11.2   8.9  53.1   13:00    NW
21   8.7  13.4   14:30   4.7    5:30   9.6   0.0   0.0   3.1  27.4   22:30     W
22   9.4  13.1   11:00   6.6    7:30   8.9   0.0   0.0   2.3  16.1   19:00     W
23  10.9  15.9   13:00   8.0    0:30   7.4   0.0   0.0   3.1  17.7    5:30     W
24   8.8  12.0   11:30   6.8   00:00   9.6   0.0  29.2   2.3  17.7   22:00     W
25   5.2   6.8    0:30   4.2   22:30  13.2   0.0  23.2   6.4  22.5   11:30     W
26   4.0   5.4   13:30   2.9   11:00  14.3   0.0  37.6   2.4  19.3    0:30     W
27   4.0   5.6   15:00   2.4    3:30  14.3   0.0   3.4   0.6  11.3   12:30    NW
28   4.4   4.9    0:30   3.9    1:30   0.9   0.0   0.0   0.0   3.2    1:00    NW
29
30
31
-------------------------------------------------------------------------------------
     8.5  18.4    18     2.4    27   261.8   0.0 114.6   2.4  53.1    20      NW

Max >=  32.0:  0
Max <=   0.0:  0
Min <=   0.0:  0
Min <= -18.0:  0
Max Rain: 37.59 ON 26/01/23
Days of Rain: 6 (> .2 mm) 6 (> 2 mm) 3 (> 20 mm)
Heat Base:  18.3  Cool Base:  18.3  Method: Integration