MONTHLY CLIMATOLOGICAL SUMMARY for APR. 2024

NAME:    CITY:  STATE: 
ELEV:  LAT:  LONG: 

                            TEMPERATURE ( C), RAIN (mm), WIND SPEED (kmh)

                                               HEAT     COOL           AVG
      MEAN                                     DEG      DEG            WIND                       DOM
DAY   TEMP    HIGH   TIME     LOW    TIME      DAYS     DAYS    RAIN   SPEED    HIGH    TIME      DIR
--------------------------------------------------------------------------------------------------------
01    17.3    22.9   14:49    11.9   05:00     01.0     00.0    00.0   03.3     20.4    22:26      W 
02    16.7    21.3   14:40    11.0   22:44     01.6     00.0    00.0   06.3     42.5    06:01      W 
03    10.6    16.2   17:59    03.5   04:56     07.7     00.0    00.0   03.7     27.8    08:56     NNW
04    11.0    17.5   17:31    03.7   03:49     07.3     00.0    00.0   02.4     20.4    14:14     WNW
05    13.0    17.9   17:34    07.8   23:54     05.3     00.0    00.0   02.0     12.9    14:34      N 
06    13.1    20.0   16:38    04.5   06:20     05.2     00.0    00.0   01.7     18.5    15:00      SW
07    13.1    17.5   13:52    06.9   23:59     05.2     00.0    00.3   04.4     27.8    17:47     ENE
08    10.1    15.1   18:39    04.9   00:00     08.2     00.0    00.0   04.0     25.9    14:27      NE
09    11.0    18.8   15:59    02.3   07:42     07.3     00.0    00.0   02.1     16.6    17:41     WSW
15    15.3    28.0   08:30    05.2   06:39     03.0     00.0    00.0   02.6     20.4    16:08     WNW
16    18.0    23.1   14:54    12.8   04:27     00.3     00.0    00.0   03.5     35.1    22:33     WSW
17    15.0    19.3   16:06    11.2   23:36     03.3     00.0    00.0   06.5     37.0    14:28      W 
18    09.8    14.8   15:33    05.6   23:36     08.5     00.0    00.0   03.8     31.4    11:47     WNW
19    06.2    10.6   14:32    03.0   07:02     12.1     00.0    33.6   03.7     35.1    23:29     ENE
20    07.3    12.0   18:16    03.9   05:19     11.0     00.0    19.5   05.8     48.1    04:10      NE
21    06.2    11.7   13:18   -00.2   07:17     12.1     00.0    04.8   03.9     27.8    16:42      W 
22    07.1    11.0   12:21    01.5   07:18     11.2     00.0    00.0   02.5     22.2    00:17     WNW
23    09.1    10.2   14:01    07.7   02:49     09.2     00.0    13.5   02.4     20.4    17:03     ENE
24    12.5    16.8   15:23    08.8   07:07     05.8     00.0    00.3   04.3     25.9    12:27     WNW
--------------------------------------------------------------------------------------------------------
11.7 (11.6)   28.0  day 10    -00.2  day 21   125.3    000.0   072.0   03.6     48.1   day 20     WNW
Min <=   30: 19
Max Rain: 33.6 ON 19-04-24
Days of Rain: 6 (> .2mm) 4 (> 2mm) 1 (> 20mm)